
Is 966 a multiple of 16?
False
Is 421 a multiple of 16?
False
Is 4 a factor of 56?
True
Is 18837 a multiple of 161?
True
Does 50 divide 60279?
False
Is 17983 a multiple of 7?
True
Is 97 a factor of 14841?
True
Does 70 divide 1680?
True
Is 38218 a multiple of 97?
True
Is 20 a factor of 397?
False
Is 3633 a multiple of 30?
False
Does 42 divide 1638?
True
Is 9300 a multiple of 17?
False
Is 38 a factor of 58651?
False
Does 4 divide 11064?
True
Does 123 divide 84501?
True
Is 40 a factor of 1400?
True
Does 2 divide 69?
False
Is 125664 a multiple of 51?
True
Does 198 divide 6401?
False
Is 2528 a multiple of 16?
True
Is 4 a factor of 439?
False
Is 64 a factor of 31168?
True
Is 8588 even?
True
Is 6 a factor of 408?
True
Does 10 divide 103604?
False
Is 37 a factor of 1535?
False
Does 2 divide 1444?
True
Does 371 divide 9712?
False
Does 8 divide 2555?
False
Is 4757 a multiple of 71?
True
Is 108 a factor of 25056?
True
Is 65 a factor of 8125?
True
Does 83 divide 1992?
True
Is 24 a factor of 39395?
False
Is 105 a factor of 30135?
True
Is 742 a multiple of 53?
True
Is 17 a factor of 767?
False
Is 6455 a multiple of 308?
False
Is 85 a factor of 2470?
False
Is 7545 a multiple of 34?
False
Is 25897 a multiple of 47?
True
Is 11 a factor of 25?
False
Does 39 divide 21508?
False
Does 22 divide 279?
False
Is 38 a factor of 114?
True
Does 5 divide 1805?
True
Does 36 divide 2369?
False
Does 213 divide 14819?
False
Is 4 a factor of 21?
False
Does 106 divide 64130?
True
Does 2 divide 16?
True
Is 32 a factor of 49?
False
Does 18 divide 2313?
False
Does 14 divide 2884?
True
Is 3690 a multiple of 41?
True
Is 47 a factor of 564?
True
Is 130 a factor of 1950?
True
Is 10 a factor of 141?
False
Is 11 a factor of 446?
False
Does 39 divide 78?
True
Is 94 a factor of 8742?
True
Is 12 a factor of 4138?
False
Is 1954 a multiple of 33?
False
Does 234 divide 12200?
False
Does 28 divide 11982?
False
Is 2 a factor of 61?
False
Does 12 divide 588?
True
Is 817 a multiple of 8?
False
Is 2250 a multiple of 150?
True
Is 13 a factor of 171?
False
Does 16 divide 2032?
True
Does 44 divide 660?
True
Is 554 a multiple of 3?
False
Is 1275 a multiple of 15?
True
Is 2085 a multiple of 12?
False
Does 8 divide 662?
False
Is 4170 a multiple of 18?
False
Does 9 divide 991?
False
Is 7213 a multiple of 46?
False
Does 3 divide 241?
False
Is 58880 a multiple of 115?
True
Is 138 a multiple of 4?
False
Is 627 a multiple of 21?
False
Is 14 a factor of 3855?
False
Does 19 divide 7448?
True
Is 2233 a multiple of 63?
False
Does 25 divide 14950?
True
Is 1172 a multiple of 46?
False
Is 2926 a multiple of 38?
True
Does 31 divide 496?
True
Does 10 divide 1774?
False
Is 15 a factor of 1111?
False
Is 6697 a multiple of 14?
False
Does 32 divide 31795?
False
Does 41 divide 1640?
True
Is 665 a multiple of 19?
True
Does 83 divide 26310?
False
Does 41 divide 1334?
False
Does 26 divide 53092?
True
Does 31 divide 35505?
False
Is 24 a factor of 4176?
True
Is 15386 a multiple of 65?
False
Does 49 divide 9752?
False
Does 20 divide 85?
False
Is 74976 a multiple of 66?
True
Does 160 divide 4000?
True
Is 6716 a multiple of 23?
True
Is 981 a multiple of 44?
False
Is 33977 a multiple of 157?
False
Is 2661 a multiple of 8?
False
Does 223 divide 21878?
False
Is 409 a multiple of 5?
False
Does 4 divide 13156?
True
Is 6 a factor of 18?
True
Is 33027 a multiple of 327?
True
Is 22 a factor of 2222?
True
Is 72507 a multiple of 20?
False
Does 109 divide 3064?
False
Does 39 divide 17784?
True
Is 12181 a multiple of 212?
False
Does 4 divide 64?
True
Is 6 a factor of 1850?
False
Is 286 a multiple of 13?
True
Is 9963 a multiple of 27?
True
Is 7093 a multiple of 8?
False
Does 13 divide 6735?
False
Is 3141 a multiple of 3?
True
Is 5 a factor of 588?
False
Is 5 a factor of 2285?
True
Is 19 a factor of 1977?
False
Is 12 a factor of 1379?
False
Does 8 divide 712?
True
Is 20 a factor of 8588?
False
Is 8901 a multiple of 11?
False
Is 74 a factor of 11728?
False
Is 44 a factor of 37231?
False
Is 8765 a multiple of 65?
False
Does 37 divide 17427?
True
Does 29 divide 7674?
False
Does 35 divide 32561?
False
Does 42 divide 10752?
True
Does 12 divide 600?
True
Is 18 a factor of 6066?
True
Is 8 a factor of 573?
False
Does 16 divide 12503?
False
Is 19 a factor of 114?
True
Is 45900 a multiple of 270?
True
Does 44 divide 1144?
True
Does 87 divide 1321?
False
Is 122 a factor of 66490?
True
Is 41273 a multiple of 45?
False
Is 33 a factor of 1419?
True
Is 3202 a multiple of 113?
False
Is 18 a factor of 990?
True
Is 162 a multiple of 9?
True
Is 11311 a multiple of 158?
False
Is 75601 a multiple of 65?
False
Does 36 divide 360?
True
Is 27 a factor of 16754?
False
Is 43 a factor of 5504?
True
Does 7 divide 175?
True
Does 34 divide 748?
True
Does 3 divide 209?
False
Is 16 a factor of 10688?
True
Is 3 a factor of 593?
False
Is 22 a factor of 423?
False
Is 1743 a multiple of 7?
True
Does 56 divide 6078?
False
Is 7 a factor of 10243?
False
Is 17580 a multiple of 6?
True
Is 572 a multiple of 3?
False
Is 8 a factor of 1728?
True
Is 129 a factor of 84216?
False
Does 106 divide 134?
False
Does 7 divide 352?
False
Is 17 a factor of 136?
True
Is 42 a factor of 4284?
True
Does 25 divide 1927?
False
Does 10 divide 16092?
False
Does 23 divide 916?
False
Is 12 a factor of 130851?
False
Is 1529 a multiple of 4?
False
Is 374 a factor of 69402?
False
Is 16008 a multiple of 92?
True
Is 13 a factor of 1625?
True
Does 52 divide 43108?
True
Does 8 divide 856?
True
Is 76 a factor of 16973?
False
Is 2156 a multiple of 11?
True
Is 48 a factor of 162077?
False
Is 1428 a multiple of 12?
True
Is 5 a factor of 21592?
False
Is 4338 a multiple of 19?
False
Does 16 divide 63468?
False
Is 3955 a multiple of 7?
True
Is 4186 a multiple of 13?
True
Is 16237 a multiple of 5?
False
Is 3 a factor of 65?
False
Is 450 a multiple of 30?
True
Is 6348 a multiple of 31?
False
Is 204 a multiple of 68?
True
Is 3 a factor of 144?
True
Does 16 divide 661?
False
Is 25 a factor of 50?
True
Is 54 a factor of 34776?
True
Is 810 a multiple of 10?
True
Does 31 divide 961?
True
Does 10 divide 26391?
False
Is 7831 a multiple of 41?
True
Is 16434 a multiple of 11?
True
Is 2502 a multiple of 9?
True
Is 27 a factor of 783?
True
Does 4 divide 1405?
False
Does 160 divide 1280?
True
Is 9 a factor of 685?
False
Does 18 divide 347?
False
Does 101 divide 23533?
True
Is 36 a multiple of 36?
True
Is 5 a factor of 31?
False
Does 29 divide 127?
False
Does 43 divide 4472?
True
Does 37 divide 1563?
False
Does 10 divide 1030?
True
Is 2044 a multiple of 36?
False
Is 44793 a multiple of 237?
True
Is 6935 a multiple of 95?
True
Is 20 a factor of 60?
True
Does 13 divide 1406?
False
Is 928 a multiple of 16?
True
Does 55 divide 2255?
True
Does 23 divide 439?
False
Is 48 a multiple of 6?
True
Does 33 divide 4950?
True
Is 5 a factor of 917?
False
Is 5 a factor of 15?
True
Is 38 a factor of 570?
True
Is 601 a multiple of 11?
False
Does 24 divide 5712?
True
Does 42 divide 15840?
False
Is 65 a factor of 23530?
True
Is 606 a multiple of 22?
False
Is 66 a factor of 29309?
False
Does 70 divide 16380?
True
Is 124 a factor of 56668?
True
Does 31 divide 2078?
False
Does 21 divide 1785?
True
Does 64 divide 17410?
False
Is 385 a multiple of 18?
False
Does 3 divide 260?
False
Does 9 divide 363?
False
Does 113 divide 1875?
False
Is 9 a factor of 2316?
False
Does 4 divide 1213?
False
Is 79 a factor of 2607?
True
Is 48 a factor of 11088?
True
Is 10 a factor of 2998?
False
Is 15 a factor of 315?
True
Does 35 divide 2251?
False
Does 48 divide 1968?
True
Is 22142 a multiple of 37?
False
Does 79 divide 9006?
True
Is 339 a factor of 82541?
False
Does 105 divide 59252?
False
Is 8 a factor of 4165?
False
Is 30 a factor of 330?
True
Is 15 a factor of 1320?
True
Does 10 divide 930?
True
Is 5784 a multiple of 27?
False
Is 2262 a multiple of 3?
True
Is 45 a factor of 9536?
False
Is 13 a factor of 37852?
False
Is 33 a factor of 7543?
False
Does 24 divide 57288?
True
Is 25 a factor of 225?
True
Does 28 divide 2084?
False
Does 48 divide 7584?
True
Is 28 a factor of 728?
True
Is 67 a factor of 1309?
False
Does 33 divide 327?
False
Is 8091 a multiple of 29?
True
Is 8 a factor of 40?
True
Does 2 divide 10?
True
Does 7 divide 1360?
False
Is 16 a factor of 1656?
False
D